{"id":35,"date":"2019-12-23T00:14:40","date_gmt":"2019-12-22T23:14:40","guid":{"rendered":"http:\/\/www.anzbach-spoe.at\/?page_id=35"},"modified":"2023-09-13T13:07:22","modified_gmt":"2023-09-13T11:07:22","slug":"impressum-2","status":"publish","type":"page","link":"https:\/\/www.anzbach-spoe.at\/?page_id=35","title":{"rendered":"Impressum"},"content":{"rendered":"\n<h3 class=\"wp-block-heading\">F\u00fcr den Inhalt verantwortlich:<\/h3>\n\n\n\n<p>Ing. Mag. Franz Ille<\/p>\n\n\n\n<p>Sch\u00e4rfring 21<\/p>\n\n\n\n<p>3034 Maria Anzbach <\/p>\n\n\n\n<h3 class=\"wp-block-heading\">Datenschutz<\/h3>\n\n\n\n<p class=\"has-small-font-size\"><strong>Onlinepr\u00e4senzen in sozialen Medien<\/strong><br> Wir betreiben Onlinepr\u00e4senzen in sozialen Medien, um auf unsere Dienstleistungen, Veranstaltungen und weitere Aktionen aufmerksam zu machen. Die Verarbeitung der personenbezogenen Daten der Nutzer erfolgt somit auf Grundlage unserer berechtigten Interessen (Art. 6 Abs. 1 lit. f. DSGVO).<br> Anbieter sozialer Netzwerke, die unter dem EU-U.S. Privacy-Shield zertifiziert sind, verpflichten sich die europ\u00e4ischen Datenschutzrichtlinien einzuhalten: <a rel=\"noreferrer noopener\" href=\"https:\/\/www.privacyshield.gov\/participant?id=a2zt0000000GnywAAC&amp;status=Active\" target=\"_blank\">https:\/\/www.privacyshield.gov\/participant?id=a2zt0000000GnywAAC&amp;status=Active<\/a><\/p>\n\n\n\n<p class=\"has-small-font-size\"><strong>Rechte:<\/strong><br> Sie haben das Recht, jederzeit Auskunft dar\u00fcber zu verlangen, welche Daten von Ihnen verarbeitet werden (Art 15 DSGVO), unvollst\u00e4ndige Daten vervollst\u00e4ndigen sowie unrichtige Daten berichtigen oder l\u00f6schen zu lassen (Art 16, 17 DSGVO). Ein Recht auf L\u00f6schung besteht nicht, wenn die Verarbeitung zur Erf\u00fcllung einer rechtlichen Verpflichtung oder zur Geltendmachung, Aus\u00fcbung oder Verteidigung von Rechtsanspr\u00fcchen erforderlich ist. Sie k\u00f6nnen unter bestimmten Voraussetzungen auch die Einschr\u00e4nkung der Verarbeitung Ihrer Daten verlangen (Art 18 DSGVO) sowie der Verarbeitung Ihrer Daten widersprechen (Art 21 DSGVO). Sie haben das Recht, jene Daten, die Sie bereitgestellt haben, in einem strukturierten, g\u00e4ngigen und maschinenlesbaren Format zu erhalten und diese Daten an einen anderen Verantwortlichen zu \u00fcbermitteln (Art 20 DSGVO).<br> Sofern Ihre Daten auf Basis Ihrer Einwilligung verarbeitet werden, haben Sie das Recht, diese Einwilligung jederzeit zu widerrufen. Durch den Widerruf wird die Rechtm\u00e4\u00dfigkeit der bis zu diesem Widerruf erfolgten Datenverarbeitung nicht ber\u00fchrt.<br> F\u00fcr Antr\u00e4ge auf Aus\u00fcbung Ihrer Betroffenenrechte sowie den Widerruf Ihrer Einwilligung verwenden Sie bitte die u.a. Links:<\/p>\n\n\n\n<p class=\"has-small-font-size\"><strong> Facebook:<\/strong><br> Der Europ\u00e4ische Gerichtshof (EuGH) hat in seinem Urteil vom 5. Juni 2018 entschieden, dass der Betreiber einer Facebook Seite gemeinsam mit Facebook f\u00fcr die Verarbeitung personenbezogener Daten verantwortlich ist: <a rel=\"noreferrer noopener\" href=\"https:\/\/www.facebook.com\/legal\/terms\/page_controller_addendum\" target=\"_blank\">https:\/\/www.facebook.com\/legal\/terms\/page_controller_addendum<\/a><br> Informationen zum Datenschutz bei Facebook finden Sie in der <a rel=\"noreferrer noopener\" href=\"https:\/\/www.facebook.com\/policy.php\" target=\"_blank\">Datenschutzerkl\u00e4rung von Facebook<\/a><br> Widerspruchsm\u00f6glichkeiten (Opt-Out): <a rel=\"noreferrer noopener\" href=\"https:\/\/www.facebook.com\/settings?tab=ads\" target=\"_blank\">https:\/\/www.facebook.com\/settings?tab=ads<\/a>, <a rel=\"noreferrer noopener\" href=\"https:\/\/www.youronlinechoices.com\/\" target=\"_blank\">https:\/\/www.youronlinechoices.com\/<\/a><\/p>\n\n\n\n<p class=\"has-small-font-size\"><strong>Datenerfassung und Nutzung von Daten<\/strong><br> Der verantwortungsvolle Umgang mit Ihren pers\u00f6nlichen Daten ist f\u00fcr uns eine Selbstverst\u00e4ndlichkeit. Ihre personenbezogenen Daten ben\u00f6tigen wir nur dann, wenn wir Anfragen Ihrerseits beantworten. &#8222;Personenbezogene Daten&#8220; bedeutet: Name, Adresse, Telefonnummer, E-Mail-Adresse und \u00e4hnliche Informationen. Wir werden Ihre personenbezogenen Daten weder an Dritte verkaufen noch entgegen Ihrer Einwilligung vermarkten. <\/p>\n","protected":false},"excerpt":{"rendered":"<p>F\u00fcr den Inhalt verantwortlich: Ing. Mag. Franz Ille Sch\u00e4rfring 21 3034 Maria Anzbach Datenschutz Onlinepr\u00e4senzen in sozialen Medien Wir betreiben Onlinepr\u00e4senzen in sozialen Medien, um <span class=\"more-text\">&hellip;<\/span><\/p>\n","protected":false},"author":1,"featured_media":0,"parent":0,"menu_order":0,"comment_status":"closed","ping_status":"closed","template":"","meta":{"footnotes":""},"jetpack_sharing_enabled":true,"_links":{"self":[{"href":"https:\/\/www.anzbach-spoe.at\/index.php?rest_route=\/wp\/v2\/pages\/35"}],"collection":[{"href":"https:\/\/www.anzbach-spoe.at\/index.php?rest_route=\/wp\/v2\/pages"}],"about":[{"href":"https:\/\/www.anzbach-spoe.at\/index.php?rest_route=\/wp\/v2\/types\/page"}],"author":[{"embeddable":true,"href":"https:\/\/www.anzbach-spoe.at\/index.php?rest_route=\/wp\/v2\/users\/1"}],"replies":[{"embeddable":true,"href":"https:\/\/www.anzbach-spoe.at\/index.php?rest_route=%2Fwp%2Fv2%2Fcomments&post=35"}],"version-history":[{"count":5,"href":"https:\/\/www.anzbach-spoe.at\/index.php?rest_route=\/wp\/v2\/pages\/35\/revisions"}],"predecessor-version":[{"id":739,"href":"https:\/\/www.anzbach-spoe.at\/index.php?rest_route=\/wp\/v2\/pages\/35\/revisions\/739"}],"wp:attachment":[{"href":"https:\/\/www.anzbach-spoe.at\/index.php?rest_route=%2Fwp%2Fv2%2Fmedia&parent=35"}],"curies":[{"name":"wp","href":"https:\/\/api.w.org\/{rel}","templated":true}]}}